47 a multiple of 5?
False
Does 11746 divide 2557954327?
False
Is 63 a factor of 10165869?
True
Is 29274463 a multiple of 995?
False
Is 6 a factor of 346230882?
True
Does 4408 divide 125892480?
True
Is 365981859 a multiple of 10?
False
Is 132635791 a multiple of 28?
False
Is 1759065 a multiple of 14?
False
Is 29 a factor of 220398434?
True
Does 235 divide 174381638?
False
Does 71 divide 133322503?
False
Is 34530720 a multiple of 478?
True
Does 13 divide 57325398?
True
Does 325 divide 302320357?
False
Is 54238922 a multiple of 135?
False
Is 304505046 a multiple of 131?
True
Is 331 a factor of 105796206?
True
Does 5 divide 109071685?
True
Is 1195368341 a multiple of 16?
False
Does 6 divide 17239440?
True
Is 13326012 a multiple of 63?
True
Is 1466 a factor of 258986043?
False
Is 25625637 a multiple of 130?
False
Is 33518358 a multiple of 134?
True
Is 278486922 a multiple of 42?
True
Does 275 divide 1649445248?
False
Does 485 divide 643842350?
True
Does 132 divide 61194012?
True
Is 40592988 a multiple of 162?
True
Is 62 a factor of 19464156?
True
Does 21 divide 6276775?
False
Is 285838319 a multiple of 487?
True
Is 85903193 a multiple of 58?
False
Is 434855183 a multiple of 12?
False
Is 65859840 a multiple of 90?
True
Is 353 a factor of 10470686?
True
Is 30 a factor of 775470?
True
Is 12 a factor of 97376460?
True
Does 27 divide 257716708?
False
Does 117 divide 221441415?
False
Does 5557 divide 513622396?
True
Does 2525 divide 409734275?
True
Is 479 a factor of 8916106?
True
Is 76990220 a multiple of 5?
True
Is 8365225 a multiple of 31?
False
Does 399 divide 88747176?
True
Does 52 divide 139231634?
False
Is 179047648 a multiple of 26?
True
Is 1506112 a multiple of 113?
False
Does 12 divide 35039844?
True
Does 244 divide 187128210?
False
Does 52 divide 89515972?
True
Is 537 a factor of 1137034671?
True
Is 559949808 a multiple of 66?
True
Is 94177664 a multiple of 896?
True
Does 179 divide 10165768?
True
Is 5514271 a multiple of 885?
False
Does 240 divide 293027?
False
Is 60 a factor of 625175940?
True
Is 109 a factor of 555886048?
True
Is 117 a factor of 204247602?
True
Is 9602377 a multiple of 25?
False
Does 37 divide 87182508?
True
Is 207 a factor of 427482847?
False
Does 219 divide 318068884?
False
Is 9508347 a multiple of 729?
True
Is 32 a factor of 1374224640?
True
Is 3779 a factor of 43791052?
True
Does 16 divide 1362640?
True
Does 1418 divide 541430686?
True
Is 13042929 a multiple of 159?
True
Is 1985011266 a multiple of 42?
True
Does 762 divide 37445442?
True
Is 5409 a factor of 380836872?
True
Does 392 divide 85396886?
False
Is 24 a factor of 74383176?
True
Does 12 divide 5575284?
True
Is 228 a factor of 248038920?
True
Does 407 divide 1901465742?
True
Does 319 divide 62501351?
True
Does 1212 divide 499003480?
False
Is 809 a factor of 27863714?
False
Is 1784636 a multiple of 4212?
False
Is 559 a factor of 103428937?
False
Is 60232910 a multiple of 59?
False
Is 40 a factor of 76622425?
False
Does 166 divide 817272890?
False
Is 39 a factor of 560786733?
True
Is 15 a factor of 13704143?
False
Does 2722 divide 140936994?
True
Does 361 divide 17393341?
True
Is 4031 a factor of 117984518?
False
Is 13 a factor of 1125771783?
False
Is 29200257 a multiple of 266?
False
Does 180 divide 18909900?
True
Is 27563032 a multiple of 376?
False
Is 78 a factor of 75768888?
True
Is 11 a factor of 227510?
False
Is 1544 a factor of 37817192?
True
Does 310 divide 65475720?
True
Does 4 divide 2246758?
False
Is 565 a factor of 913675150?
False
Is 4 a factor of 1087961632?
True
Is 834328212 a multiple of 683?
True
Is 1357323576 a multiple of 1814?
False
Does 8472 divide 43232616?
True
Is 23747364 a multiple of 11?
False
Is 62506767 a multiple of 40?
False
Is 456 a factor of 39098352?
True
Is 1338 a factor of 770397658?
False
Does 430 divide 99557084?
False
Is 141 a factor of 2292446609?
False
Does 13 divide 589820621?
True
Does 32 divide 292951037?
False
Is 20 a factor of 1927830880?
True
Does 365 divide 56070584?
False
Does 1638 divide 42610845?
False
Does 1819 divide 1029207528?
False
Does 30 divide 436006023?
False
Is 859000780 a multiple of 10580?
True
Is 14870077 a multiple of 21?
False
Is 170 a factor of 650648953?
False
Is 83 a factor of 49427745?
True
Is 44644224 a multiple of 2204?
True
Is 3286 a factor of 55106948?
False
Does 96 divide 228098044?
False
Does 161 divide 26711506?
False
Is 554 a factor of 96032022?
True
Is 14 a factor of 28321636?
True
Is 929 a factor of 19155165?
False
Does 375 divide 1324803375?
True
Does 872 divide 308275544?
True
Does 5 divide 57149974?
False
Is 1870399520 a multiple of 190?
True
Is 18766979 a multiple of 1875?
False
Does 17 divide 53812021?
True
Is 402364987 a multiple of 2257?
False
Is 26531016 a multiple of 6?
True
Does 4 divide 39878472?
True
Is 278966742 a multiple of 7109?
False
Is 11 a factor of 123004420?
True
Is 19 a factor of 892719935?
False
Is 86992669 a multiple of 428?
False
Is 446113462 a multiple of 143?
False
Is 109 a factor of 518061162?
False
Is 300986789 a multiple of 1024?
False
Is 1701051986 a multiple of 149?
False
Is 13 a factor of 28322307?
True
Is 2131174504 a multiple of 5039?
True
Is 520 a factor of 380077172?
False
Is 335344452 a multiple of 19?
True
Does 269 divide 1754845633?
False
Is 85352424 a multiple of 5156?
True
Is 1259 a factor of 697823412?
True
Does 12 divide 18835476?
True
Does 33 divide 1301382456?
True
Is 335 a factor of 270677655?
True
Is 43 a factor of 75871660?
False
Is 2279576 a multiple of 500?
False
Is 464308922 a multiple of 5951?
True
Does 451 divide 502842436?
False
Does 2511 divide 102865626?
True
Does 531 divide 56598335?
False
Is 12 a factor of 11524824?
True
Does 2184 divide 43411368?
True
Is 1038932923 a multiple of 3437?
True
Does 41 divide 1611792?
True
Is 861368768 a multiple of 4490?
False
Is 19 a factor of 3559296161?
False
Is 1929 a factor of 1731629733?
False
Does 139 divide 46378589?
False
Is 5172982320 a multiple of 6413?
True
Does 2056 divide 355218371?
False
Is 107 a factor of 31760202?
False
Is 101734424 a multiple of 15?
False
Does 887 divide 1143039012?
False
Is 51 a factor of 233758194?
True
Is 964282311 a multiple of 150?
False
Is 28 a factor of 43489012?
True
Is 370 a factor of 8006800?
True
Is 5 a factor of 25460309?
False
Is 122456611 a multiple of 17?
False
Is 670 a factor of 63443640?
True
Does 1571 divide 141624079?
True
Is 48354732 a multiple of 81?
True
Does 10726 divide 3345975655?
False
Is 272406772 a multiple of 44?
True
Is 24 a factor of 1014412660?
False
Is 290 a factor of 67413690?
True
Is 9 a factor of 336229151?
False
Is 202 a factor of 2724622460?
True
Does 9 divide 549043966?
False
Is 16604442 a multiple of 57?
True
Is 27991494 a multiple of 1388?
False
Does 86 divide 3564614?
True
Is 63006534 a multiple of 61?
True
Is 5 a factor of 763676?
False
Does 340 divide 2316115?
False
Does 29 divide 144164325?
False
Is 30317 a multiple of 61?
True
Is 298858 a multiple of 2?
True
Is 8283384 a multiple of 52?
False
Does 1238 divide 102560872?
True
Is 3591487008 a multiple of 684?
True
Does 197 divide 127837880?
False
Is 505 a factor of 2135688?
False
Is 13161900 a multiple of 3650?
True
Is 17 a factor of 1388716247?
True
Is 365 a factor of 8575675?
True
Is 16425838 a multiple of 2054?
True
Is 22882637 even?
False
Is 407832577 a multiple of 994?
False
Is 20302891 a multiple of 2175?
False
Does 52 divide 17668032?
False
Is 514968644 a multiple of 1987?
False
Is 647080320 a multiple of 24?
True
Does 17 divide 287976192?
True
Does 231 divide 31953980?
False
Is 18851704 a multiple of 205?
False
Is 78 a factor of 26318173?
False
Is 174 a factor of 2546316?
True
Does 1003 divide 675314885?
True
Does 3353 divide 778730356?
False
Is 2921 a factor of 11721973?
True
Is 14344540 a multiple of 5?
True
Does 75 divide 453334800?
True
Is 60 a factor of 33535266?
False
Is 11143092 a multiple of 250?
False
Is 1833 a factor of 1790296599?
True
Does 62 divide 103494058?
True
Does 1419 divide 816093861?
True
Is 186276312 a multiple of 1896?
True
Does 4692 divide 142603956?
True
Is 15 a factor of 195654675?
True
Is 8628 a factor of 1604324832?
True
Is 34 a factor of 3549362?
True
Does 13 divide 53371474?
True
Does 581 divide 322572949?
False
Is 586039529 a mu